ands digit of 19728530?
2
What is the hundred thousands digit of 1973619?
9
What is the tens digit of 15338006?
0
What is the tens digit of 13965?
6
What is the thousands digit of 10691?
0
What is the hundreds digit of 247074?
0
What is the hundred thousands digit of 517125?
5
What is the units digit of 2645287?
7
What is the thousands digit of 118523?
8
What is the tens digit of 2623?
2
What is the ten thousands digit of 264448?
6
What is the hundreds digit of 2359712?
7
What is the ten thousands digit of 7945091?
4
What is the ten thousands digit of 1338733?
3
What is the thousands digit of 1459869?
9
What is the hundred thousands digit of 1888081?
8
What is the hundreds digit of 158216?
2
What is the ten thousands digit of 252789?
5
What is the hundred thousands digit of 31801787?
8
What is the hundreds digit of 900?
9
What is the thousands digit of 4198524?
8
What is the tens digit of 278274?
7
What is the millions digit of 1847974?
1
What is the hundreds digit of 12565?
5
What is the hundred thousands digit of 550856?
5
What is the tens digit of 4745974?
7
What is the tens digit of 1903710?
1
What is the hundred thousands digit of 1877521?
8
What is the units digit of 986211?
1
What is the millions digit of 10600245?
0
What is the ten thousands digit of 311548?
1
What is the tens digit of 12135573?
7
What is the hundred thousands digit of 458159?
4
What is the hundred thousands digit of 2163098?
1
What is the hundreds digit of 227452?
4
What is the hundreds digit of 233716?
7
What is the ten thousands digit of 16184?
1
What is the thousands digit of 13593286?
3
What is the millions digit of 1077887?
1
What is the thousands digit of 215025?
5
What is the hundreds digit of 192930?
9
What is the units digit of 2275450?
0
What is the thousands digit of 2786730?
6
What is the ten thousands digit of 201605?
0
What is the tens digit of 338790?
9
What is the thousands digit of 13234891?
4
What is the thousands digit of 189839?
9
What is the units digit of 5795679?
9
What is the ten thousands digit of 3870329?
7
What is the units digit of 49191?
1
What is the hundred thousands digit of 150376?
1
What is the units digit of 65876?
6
What is the ten thousands digit of 39403424?
0
What is the ten thousands digit of 1523857?
2
What is the hundreds digit of 60403?
4
What is the hundreds digit of 1185499?
4
What is the ten thousands digit of 7091062?
9
What is the ten thousands digit of 681910?
8
What is the thousands digit of 45740968?
0
What is the tens digit of 3347294?
9
What is the ten thousands digit of 181433?
8
What is the ten thousands digit of 203122?
0
What is the millions digit of 21420831?
1
What is the tens digit of 24992?
9
What is the ten thousands digit of 1860415?
6
What is the thousands digit of 235750?
5
What is the hundred thousands digit of 2234643?
2
What is the ten thousands digit of 338417?
3
What is the units digit of 501808?
8
What is the millions digit of 7269870?
7
What is the thousands digit of 16406002?
6
What is the thousands digit of 229282?
9
What is the hundreds digit of 7291402?
4
What is the hundred thousands digit of 13120432?
1
What is the tens digit of 1233210?
1
What is the hundreds digit of 2152949?
9
What is the hundreds digit of 1037442?
4
What is the hundreds digit of 11312?
3
What is the units digit of 650276?
6
What is the hundreds digit of 662571?
5
What is the tens digit of 5401?
0
What is the units digit of 23194182?
2
What is the millions digit of 13627713?
3
What is the hundreds digit of 147834?
8
What is the ten thousands digit of 1210821?
1
What is the tens digit of 491630?
3
What is the hundreds digit of 2501455?
4
What is the hundred thousands digit of 6205267?
2
What is the hundred thousands digit of 1849748?
8
What is the tens digit of 8010971?
7
What is the hundred thousands digit of 921338?
9
What is the hundreds digit of 121788?
7
What is the ten thousands digit of 2172856?
7
What is the hundred thousands digit of 378075?
3
What is the tens digit of 11738322?
2
What is the ten thousands digit of 3908058?
0
What is the hundreds digit of 9872503?
5
What is the ten thousands digit of 218923?
1
What is the thousands digit of 1150786?
0
What is the thousands digit of 444410?
4
What is the hundred thousands digit of 708946?
7
What is the hundreds digit of 565127?
1
What is the thousands digit of 4560478?
0
What is the thousands digit of 779439?
9
What is the tens digit of 27760131?
3
What is the tens digit of 16246667?
6
What is the thousands digit of 3806541?
6
What is the tens digit of 11097007?
0
What is the ten thousands digit of 1547154?
4
What is the hundreds digit of 436376?
3
What is the ten thousands digit of 1395287?
9
What is the ten millions digit of 14308296?
1
What is the thousands digit of 5702273?
2
What is the hundred thousands digit of 119145?
1
What is the millions digit of 6422694?
6
What is the hundred thousands digit of 5298534?
2
What is the units digit of 4125357?
7
What is the ten thousands digit of 1211417?
1
What is the tens digit of 128755?
5
What is the millions digit of 2287907?
2
What is the tens digit of 809728?
2
What is the hundreds digit of 405519?
5
What is the hundred thousands digit of 1989189?
9
What is the tens digit of 5015717?
1
What is the hundred thousands digit of 13249631?
2
What is the hundred thousands digit of 456571?
4
What is the hundred thousands digit of 390209?
3
What is the units digit of 8660109?
9
What is the ten thousands digit of 175488?
7
What is the units digit of 52189?
9
What is the hundred thousands digit of 1318594?
3
What is the ten thousands digit of 313129?
1
What is the millions digit of 2390965?
2
What is the tens digit of 748664?
6
What is the hundreds digit of 7196817?
8
What is the hundreds digit of 183182?
1
What is the hundred thousands digit of 572081?
5
What is the tens digit of 485191?
9
What is the hundred thousands digit of 1391810?
3
What is the hundred thousands digit of 678708?
6
What is the units digit of 3290242?
2
What is the ten thousands digit of 177923?
7
What is the units digit of 9116853?
3
What is the tens digit of 10286671?
7
What is the units digit of 11635793?
3
What is the hundred thousands digit of 265778?
2
What is the thousands digit of 88190?
8
What is the tens digit of 1144003?
0
What is the ten thousands digit of 366795?
6
What is the hundreds digit of 416120?
1
What is the millions digit of 1558446?
1
What is the thousands digit of 4075037?
5
What is the tens digit of 150580?
8
What is the tens digit of 150297?
9
What is the hundred thousands digit of 809281?
8
What is the units digit of 6373912?
2
What is the units digit of 6599095?
5
What is the ten thousands digit of 3037423?
3
What is the ten thousands digit of 789410?
8
What is the thousands digit of 57021?
7
What is the millions digit of 10271285?
0
What is the millions digit of 26674432?
6
What is the ten thousands digit of 42245?
4
What is the ten thousands digit of 21633556?
3
What is the hundreds digit of 4413719?
7
What is the units digit of 4664625?
5
What is the units digit of 171033?
3
What is the ten thousands digit of 19361854?
6
What is the units digit of 252884?
4
What is the ten thousands digit of 6037100?
3
What is the ten thousands digit of 226750?
2
What is the hundred thousands digit of 874525?
8
What is the tens digit of 31809?
0
What is the thousands digit of 23373514?
3
What is the hundred thousands digit of 385840?
3
What is the units digit of 769626?
6
What is the hundred thousands digit of 18431976?
4
What is the ten thousands digit of 19109043?
0
What is the ten thousands digit of 19491154?
9
What is the hundred thousands digit of 651772?
6
What is the thousands digit of 1089439?
9
What is the millions digit of 1060925?
1
What is the ten thousands digit of 510324?
1
What is the hundred thousands digit of 183634?
1
What is the hundred thousands digit of 4039505?
0
What is the tens digit of 10315873?
7
What is the ten thousands digit of 22121257?
2
What is the units digit of 12831036?
6
What is the tens digit of 9575609?
0
What is the units digit of 815525?
5
What is the thousands digit of 116059?
6
What is the millions digit of 3640256?
3
What is the thousands digit of 279899?
9
What is the units digit of 254802?
2
